11000110111011110010 (base 2) in base 14?
b3989c
-76443775 (base 8) to base 10
-16402429
-11111011001110101101 (base 2) to base 7
-11514052
36a85d (base 14) to base 6
104051323
-4751e (base 16) to base 3
-112211201111
What is 11101010001011010111101 (base 2) in base 10?
7673533
Convert -1111111110111101010 (base 2) to base 15.
-a52be
Convert 17775041 (base 8) to base 14.
7b1dbb
Convert -10011110100110101101101 (base 2) to base 12.
-18a7751
-b0861 (base 12) to base 16
-37fc9
What is 112100120202 (base 3) in base 4?
1010332310
-2896978 (base 11) to base 14
-936199
What is 14441400 (base 5) in base 9?
256706
Convert 12102001111100 (base 3) to base 6.
141341143
5067476 (base 8) to base 16
146f3e
175fa9 (base 16) to base 12
61a575
6b885 (base 15) to base 4
1103230100
Convert -13697 (base 15) to base 3.
-10011101021
What is 10020031120 (base 4) in base 6?
35110104
Convert 14121250 (base 6) to base 15.
96616
Convert 13c60 (base 13) to base 9.
56087
What is 13223101 (base 4) in base 6?
401321
Convert -16258555 (base 9) to base 2.
-11111000000100100100101
-9a21 (base 12) to base 11
-11870
Convert -100001101011001101101 (base 2) to base 7.
-12244053
76712 (base 14) to base 3
112120100220
What is 2670734 (base 8) in base 7?
6242501
Convert 1002230001 (base 4) to base 15.
55e03
-53072 (base 10) to base 6
-1045412
Convert -30001003300 (base 4) to base 14.
-5bdda8
What is -1c8b7 (base 16) in base 6?
-2301143
508094 (base 11) to base 3
1112110100110
What is 6064053 (base 8) in base 2?
110000110100000101011
Convert -1055037 (base 8) to base 13.
-9ca88
What is -5c440 (base 14) in base 8?
-671070
Convert -100000110111010 (base 2) to base 15.
-4ebb
Convert 14625350 (base 8) to base 9.
6270801
What is 7c8d6 (base 15) in base 6?
12301220
-131299 (base 10) to base 13
-479bc
Convert 2265121 (base 8) to base 12.
259101
What is -821b48 (base 13) in base 14?
-58cb38
What is -328331 (base 14) in base 7?
-20362561
Convert 5072450 (base 8) to base 2.
101000111010100101000
What is 10103332 (base 8) in base 6?
113404510
Convert -30003532 (base 6) to base 3.
-1120201011102
Convert -12112000201 (base 3) to base 10.
-108640
What is 212212033 (base 4) in base 11?
a8863
-230201310 (base 5) to base 6
-33523504
Convert -12426a4 (base 11) to base 2.
-1000001110010011010001
-10112212212201 (base 3) to base 6
-104241244
What is 4453220 (base 6) in base 11?
144001
-13073359 (base 10) to base 15
-12338c4
Convert 3137aa (base 12) to base 3.
1110022010011
146430365 (base 7) to base 12
3366198
What is -31021201310 (base 4) in base 2?
-1101001001100001110100
Convert -b99d (base 14) to base 15.
-9792
Convert b2a98 (base 13) to base 5.
40223010
116d1d (base 14) to base 11
377273
Convert -4504112 (base 6) to base 7.
-1632044
Convert 17752161 (base 8) to base 9.
7775177
Convert -733342 (base 13) to base 4.
-22101030232
Convert 1043b6 (base 16) to base 9.
2004134
What is -1060c69 (base 13) in base 3?
-100102001002221
103022032 (base 5) to base 2
1101011001011101001
What is -12440162 (base 8) in base 2?
-1010100100000001110010
Convert -1915873 (base 10) to base 7.
-22166431
-24889 (base 15) to base 2
-11100011111000111
112211010 (base 4) to base 11
63537
What is 59243 (base 14) in base 16?
3508b
877c11 (base 14) to base 6
242240131
17271 (base 14) to base 16
e303
3286454 (base 9) to base 4
12300002320
Convert -95c2 (base 16) to base 9.
-57527
What is -1120102022 (base 3) in base 6?
-355055
-c888 (base 14) to base 11
-2400a
Convert 1167461 (base 10) to base 6.
41004525
What is 2002212211102 (base 3) in base 11?
6a5207
What is 1132332321 (base 4) in base 13?
10810b
What is 2ad8c (base 14) in base 5?
11410234
1136159 (base 10) to base 9
2121458
What is -2214165 (base 9) in base 11?
-743571
Convert -173181 (base 9) to base 5.
-11413232
Convert -12400033 (base 9) to base 6.
-334205433
-2cb95 (base 14) to base 10
-112047
What is 341925 (base 10) in base 4?
1103132211
Convert -11001100010011010 (base 2) to base 8.
-314232
What is -11011211022101 (base 3) in base 12?
-8b11b4
What is 1221240 (base 5) in base 7?
124663
What is -18b80 (base 14) in base 4?
-33102230
What is -420573 (base 10) in base 3?
-210100220210
What is 57451225 (base 8) in base 11?
704a154
Convert -98bb1d (base 14) to base 11.
-2a18992
What is -10001011102 (base 3) in base 14?
-17b85
What is 111020111001 (base 3) in base 15?
5233a
Convert 4d0269 (base 16) to base 12.
18347a1
Convert 643000 (base 7) to base 8.
331563
-239b76 (base 12) to base 5
-121431343
Convert -144872 (base 11) to base 3.
-102110222212
74993 (base 10) to base 9
123775
What is 1c43a (base 13) in base 11?
388a1
Convert 45160 (base 13) to base 5.
13003401
What is 20320223 (base 4) in base 2?
1000111000101011
Convert -6579358 (base 10) to base 5.
-3141014413
3066552 (base 7) to base 5
43312233
9891a1 (base 11) to base 13
433800
Convert 58dba (base 16) to base 14.
968d4
-125244 (base 6) to base 4
-2310130
What is 4451030 (base 7) in base 13?
163577
-110110010000000111010 (base 2) to base 14
-343c02
-4001230 (base 6) to base 3
-100111102100
Convert 21210012222 (base 3) to base 4.
211122203
-10100110011011011001 (base 2) to base 5
-133303224
216038 (base 9) to base 3
20120001022
1829403 (base 14) to base 15
10ab1e8
312210213131 (base 4) to base 6
1230342205
Convert -3814064 (base 9) to base 5.
-1012420000
-1126161 (base 7) to base 15
-2bd73
What is -13072337 (base 8) in base 6?
-142240235
What is 104fad (base 16) in base 2?
100000100111110101101
What is -123230404 (base 5) in base 14?
-119547
-d77f8 (base 16) to base 12
-366988
Convert 34382 (base 14) to base 6.
2415342
Convert -b2cc84 (base 14) to base 13.
-1330b4a
What is -550b4 (base 14) in base 5?
-23042313
203233312 (base 4) to base 13
51853
What is 140114310 (base 5) in base 3?
1022221110001
-14024044 (base 6) to base 11
-2a1173
Convert -77411 (base 9) to base 5.
-3120424
What is -64132162 (base 7) in base 15?
-725ccd
Convert -10000111101100 (base 2) to base 10.
-8684
Convert -62521 (base 7) to base 15.
-4837
What is 131232201 (base 4) in base 9?
205020
What is -4023415 (base 12) in base 3?
-211120012210222
Convert 14414421 (base 5) to base 3.
21211202002
Convert -310233011 (base 4) to base 2.
-110100101111000101
What is 6b403 (base 12) in base 9?
238473
What is -1130030122 (base 4) in base 9?
-635004
Convert -6014545 (base 7) to base 12.
-2a2a21
Convert 1000011000100111100000 (base 2) to base 4.
20120213200
Convert 569bc2 (base 14) to base 10.
2946638
732362 (base 10) to base 2
10110010110011001010
-2502346 (base 7) to base 6
-10510224
Convert 211102021202 (base 3) to base 8.
1535646
What is -4360661 (base 7) in base 8?
-2026320
2015603 (base 11) to base 7
42206005
15245151 (base 7) to base 10
1456806
Convert 4533012 (base 8) to base 4.
10223120022
What is -19b7 (base 14) in base 5?
-122134
-718537 (base 16) to base 8
-34302467
100122122 (base 4) to base 16
1069a
-7065b (base 15) to base 11
-223365
What is 2b3110 (base 15) in base 11?
11a5265
What is -1881096 (base 10) in base 4?
-13023100020
Convert 21330155 (base 6) to base 10.
633815
What is -95b96c (base 13) in base 6?
-203123004
What is -12744337 (base 8) in base 11?
-168a970
Convert -10010122313 (base 4) to base 9.
-2005178
What is -231221221 (base 4) in base 3?
-100111111101
What is d94630 (base 15) in base 5?
10121424040
-1412441202 (base 5) to base 10
-3640177
27434642 (base 8) to base 2
10111100011100110100010
Convert -361123 (base 8) to base 10.
-123475
What is -44343220 (base 5) in base 11?
-244aa0
What is -20222133333 (base 4) in base 14?
-4319cb
Convert -4668023 (base 10) to base 16.
-473a77
Convert -1bc61 (base 13) to base 2.
-1101011000110011
Convert 8b7d41 (base 14) to base 15.
63b7a6
-100001101010010100000000 (base 2) to base 10
-8824064
What is -ce50 (base 15) in base 12?
-21379
Convert 4324102 (base 5) to base 11.
50377
Convert 300303013 (base 4) to base 15.
3e354
What is -14f306 (base 16) in base 4?
-11033030012
-1010103010 (base 4) to base 5
-32422443
703265 (base 11) to base 8
4242217
What is -122556 (base 13) in base 15?
-887a0
Convert -11100110010111000001011 (base 2) to base 5.
-3413022202
-1e7f (base 16) to base 6
-100051
2224033112 (base 5) to base 9
10211214
What is 87546 (base 9) in base 5?
3324123
-19b310 (base 13) to base 10
-6530